test common factor of 846 and 879417?
423
Calculate the greatest common factor of 39 and 1328289222.
39
What is the greatest common divisor of 154736 and 4142?
38
What is the highest common divisor of 173969704 and 680?
136
What is the greatest common factor of 204036 and 1108?
4
Calculate the greatest common divisor of 35040 and 319836360.
8760
Calculate the greatest common factor of 54579 and 13281681.
2373
Calculate the greatest common factor of 5348053 and 209291.
4453
What is the highest common divisor of 3441366 and 1455?
291
What is the highest common factor of 2413972638 and 462?
462
Calculate the highest common divisor of 196405 and 14960.
55
What is the highest common divisor of 4428028971 and 909?
909
What is the greatest common factor of 3 and 285920121?
3
Calculate the greatest common divisor of 2332 and 135652.
44
Calculate the highest common factor of 83220 and 14567880.
4380
What is the highest common factor of 72718087 and 3783?
1261
What is the highest common factor of 38 and 15912253?
19
Calculate the highest common divisor of 81345615 and 180.
15
What is the highest common divisor of 214 and 10398046?
214
Calculate the greatest common divisor of 48749565 and 15.
15
Calculate the greatest common factor of 75951 and 4379.
29
Calculate the greatest common factor of 23434670 and 940.
470
Calculate the highest common factor of 6430292 and 28556.
2596
What is the greatest common divisor of 843940630 and 1438?
1438
Calculate the greatest common factor of 468968 and 479012.
124
Calculate the highest common divisor of 3764234914 and 22.
22
What is the highest common divisor of 62 and 1494202883?
31
Calculate the highest common factor of 63855973 and 1843.
97
Calculate the greatest common divisor of 21252 and 5133876.
3036
Calculate the greatest common divisor of 15193059 and 315.
21
Calculate the greatest common factor of 1930040 and 148596.
1708
Calculate the highest common divisor of 4235 and 1685255.
55
Calculate the greatest common divisor of 16601664 and 1184.
32
What is the greatest common divisor of 7125705 and 1395?
45
What is the greatest common factor of 148256625 and 3175?
3175
Calculate the greatest common divisor of 52312 and 26.
26
Calculate the greatest common factor of 123534066 and 1230.
246
Calculate the highest common factor of 6046 and 218886361.
3023
What is the greatest common divisor of 4004 and 4214364?
308
Calculate the greatest common divisor of 170427304 and 3568.
1784
What is the greatest common divisor of 36 and 40785924?
12
What is the highest common divisor of 7152 and 116160102?
894
What is the greatest common divisor of 231870 and 1744040?
590
Calculate the highest common divisor of 1412458 and 2.
2
What is the greatest common divisor of 37656 and 35136?
72
What is the greatest common divisor of 336 and 408264?
24
Calculate the greatest common factor of 2654936 and 3614864.
8648
Calculate the greatest common factor of 31083 and 333021.
39
Calculate the greatest common factor of 1020559 and 236151.
1381
What is the greatest common divisor of 1075 and 152525?
25
Calculate the highest common divisor of 4172 and 18810356.
596
Calculate the greatest common factor of 154891614 and 690.
138
What is the highest common divisor of 1975 and 1078745?
395
Calculate the highest common divisor of 4585692 and 11868.
516
What is the greatest common divisor of 2721 and 118146727?
907
Calculate the highest common divisor of 835566805 and 395.
395
Calculate the greatest common factor of 5995604 and 22764.
1084
Calculate the highest common divisor of 252356 and 20523337.
4853
What is the highest common divisor of 564 and 41581276?
188
Calculate the greatest common divisor of 2650064 and 434320.
1424
What is the greatest common factor of 11385407 and 1475?
59
Calculate the greatest common divisor of 196172495 and 155.
155
Calculate the greatest common factor of 86594194 and 7288.
1822
What is the highest common divisor of 352525 and 479375?
1475
What is the highest common factor of 1410 and 9502695?
705
What is the greatest common divisor of 86 and 38379134?
86
What is the greatest common divisor of 3166471 and 35?
7
Calculate the highest common factor of 23023 and 24659657.
253
What is the greatest common factor of 496 and 302760632?
248
Calculate the highest common divisor of 81913412 and 3108.
1036
Calculate the highest common factor of 144102 and 329658.
1974
What is the greatest common factor of 910096342 and 75248?
9406
Calculate the greatest common divisor of 1049275 and 100700.
475
Calculate the highest common factor of 1590 and 1216260.
30
Calculate the highest common factor of 80 and 42095.
5
Calculate the greatest common divisor of 100943177 and 623.
89
What is the highest common divisor of 433969226 and 296?
74
What is the highest common divisor of 30 and 12533890?
10
Calculate the greatest common divisor of 125 and 573355.
5
Calculate the greatest common divisor of 67068906 and 32336.
4042
Calculate the greatest common factor of 15561 and 64871586.
2223
What is the greatest common factor of 1927008 and 29376?
288
What is the greatest common divisor of 57970963 and 90261?
3343
Calculate the greatest common divisor of 2089875519 and 621.
621
What is the greatest common factor of 47802924 and 5796?
828
Calculate the highest common divisor of 501 and 101275981.
167
Calculate the greatest common divisor of 54582146 and 778.
778
Calculate the highest common factor of 146034 and 568680.
42
What is the highest common factor of 53618 and 166073870?
3154
Calculate the greatest common divisor of 3834 and 72234.
18
What is the highest common divisor of 2401705 and 40?
5
What is the highest common divisor of 9 and 158384355?
3
What is the highest common divisor of 11819670 and 110?
10
What is the greatest common factor of 10685786 and 10210?
2042
What is the highest common factor of 25875 and 6426375?
375
Calculate the highest common divisor of 320682138 and 1314.
438
Calculate the highest common factor of 125857 and 108019.
991
What is the greatest common factor of 200163650 and 50?
50
What is the highest common factor of 252217940 and 52?
52
What is the greatest common divisor of 247527 and 168?
21
What is the greatest common factor of 7749 and 525231?
189
What is the greatest common factor of 2748 and 34172067?
687
Calculate the highest common factor of 331098 and 12510.
834
What is the greatest common divisor of 42 and 33675586?
14
Calculate the highest common factor of 3751 and 3061663.
121
Calculate the greatest common factor of 39921 and 18375.
21
Calculate the highest common factor of 141 and 12885567.
141
Calculate the greatest common factor of 38895 and 2371890.
15
Calculate the highest common divisor of 4132987419 and 2189.
2189
What is the highest common factor of 2321223 and 825?
3
Calculate the highest common divisor of 150 and 37047525.
75
Calculate the highest common divisor of 2 and 187326174.
2
What is the greatest common divisor of 2746 and 15188126?
2746
Calculate the greatest common factor of 275758 and 53844.
14
What is the highest common factor of 2831251 and 3147?
1049
What is the greatest common factor of 76465426 and 40930?
8186
What is the greatest common factor of 295092 and 186291?
63
Calculate the highest common divisor of 48 and 794323464.
24
What is the greatest common divisor of 64144 and 158199149?
4009
Calculate the highest common divisor of 7 and 254873857.
7
What is the greatest common factor of 442 and 434690?
34
What is the highest common factor of 6823031 and 208375?
1667
Calculate the highest common factor of 7503945 and 385050.
2265
What is the greatest common divisor of 1008 and 8253567?
63
What is the highest common divisor of 141635104 and 14352?
4784
What is the greatest common divisor of 1774885 and 140?
35
What is the greatest common factor of 110625376 and 14004?
1556
Calculate the highest common divisor of 22981 and 7934962.
343
What is the greatest common divisor of 3465146 and 15062?
886
Calculate the highest common factor of 8733705 and 60.
15
Calculate the greatest common factor of 31520 and 17040106.
394
What is the highest common divisor of 460 and 3219655?
115
What is the highest common divisor of 14484 and 1122?
102
What is the greatest common factor of 630 an